{"id":13144,"date":"2023-07-06T12:51:54","date_gmt":"2023-07-06T10:51:54","guid":{"rendered":"https:\/\/aoneprinters.fr\/?post_type=product&#038;p=13144"},"modified":"2025-10-07T17:00:09","modified_gmt":"2025-10-07T15:00:09","slug":"shadow-box-frame","status":"publish","type":"product","link":"https:\/\/aoneprinters.fr\/index.php\/product\/shadow-box-frame\/","title":{"rendered":"Shadow Box Frame"},"content":{"rendered":"","protected":false},"excerpt":{"rendered":"<p>Notre cadre Shadow Box ajoute un caract\u00e8re de galerie \u00e0 vos photos. Nous pla\u00e7ons votre photo dans un cadre extra profond avec beaucoup d&#8217;espace entre elle et le verre.<\/p>\n","protected":false},"featured_media":13147,"comment_status":"open","ping_status":"closed","template":"","meta":[],"product_cat":[58,69,62],"product_tag":[],"class_list":{"0":"post-13144","1":"product","2":"type-product","3":"status-publish","4":"has-post-thumbnail","6":"product_cat-accessories","7":"product_cat-photo-frames","8":"product_cat-home-living","10":"first","11":"instock","12":"taxable","13":"shipping-taxable","14":"purchasable","15":"product-type-variable"},"_links":{"self":[{"href":"https:\/\/aoneprinters.fr\/index.php\/wp-json\/wp\/v2\/product\/13144","targetHints":{"allow":["GET"]}}],"collection":[{"href":"https:\/\/aoneprinters.fr\/index.php\/wp-json\/wp\/v2\/product"}],"about":[{"href":"https:\/\/aoneprinters.fr\/index.php\/wp-json\/wp\/v2\/types\/product"}],"replies":[{"embeddable":true,"href":"https:\/\/aoneprinters.fr\/index.php\/wp-json\/wp\/v2\/comments?post=13144"}],"wp:featuredmedia":[{"embeddable":true,"href":"https:\/\/aoneprinters.fr\/index.php\/wp-json\/wp\/v2\/media\/13147"}],"wp:attachment":[{"href":"https:\/\/aoneprinters.fr\/index.php\/wp-json\/wp\/v2\/media?parent=13144"}],"wp:term":[{"taxonomy":"product_cat","embeddable":true,"href":"https:\/\/aoneprinters.fr\/index.php\/wp-json\/wp\/v2\/product_cat?post=13144"},{"taxonomy":"product_tag","embeddable":true,"href":"https:\/\/aoneprinters.fr\/index.php\/wp-json\/wp\/v2\/product_tag?post=13144"}],"curies":[{"name":"wp","href":"https:\/\/api.w.org\/{rel}","templated":true}]}}