{"id":13107,"date":"2023-07-03T21:39:13","date_gmt":"2023-07-03T19:39:13","guid":{"rendered":"https:\/\/aoneprinters.fr\/?post_type=product&#038;p=13107"},"modified":"2023-07-07T20:13:09","modified_gmt":"2023-07-07T18:13:09","slug":"job-id-card","status":"publish","type":"product","link":"https:\/\/aoneprinters.fr\/index.php\/product\/job-id-card\/","title":{"rendered":"Job ID Card"},"content":{"rendered":"","protected":false},"excerpt":{"rendered":"<p>Votre conception personnalis\u00e9e est imprim\u00e9e sur des cartes PVC brillantes avec une surface de qualit\u00e9 graphique, \u00e0 l&#8217;aide d&#8217;une imprimante \u00e0 retransfert haute r\u00e9solution pour des conceptions nettes bord \u00e0 bord.<\/p>\n","protected":false},"featured_media":13111,"comment_status":"open","ping_status":"closed","template":"","meta":[],"product_cat":[105,65,66],"product_tag":[],"class_list":{"0":"post-13107","1":"product","2":"type-product","3":"status-publish","4":"has-post-thumbnail","6":"product_cat-others","7":"product_cat-advertising-business","8":"product_cat-business-cards","10":"first","11":"instock","12":"taxable","13":"shipping-taxable","14":"purchasable","15":"product-type-variable"},"_links":{"self":[{"href":"https:\/\/aoneprinters.fr\/index.php\/wp-json\/wp\/v2\/product\/13107","targetHints":{"allow":["GET"]}}],"collection":[{"href":"https:\/\/aoneprinters.fr\/index.php\/wp-json\/wp\/v2\/product"}],"about":[{"href":"https:\/\/aoneprinters.fr\/index.php\/wp-json\/wp\/v2\/types\/product"}],"replies":[{"embeddable":true,"href":"https:\/\/aoneprinters.fr\/index.php\/wp-json\/wp\/v2\/comments?post=13107"}],"wp:featuredmedia":[{"embeddable":true,"href":"https:\/\/aoneprinters.fr\/index.php\/wp-json\/wp\/v2\/media\/13111"}],"wp:attachment":[{"href":"https:\/\/aoneprinters.fr\/index.php\/wp-json\/wp\/v2\/media?parent=13107"}],"wp:term":[{"taxonomy":"product_cat","embeddable":true,"href":"https:\/\/aoneprinters.fr\/index.php\/wp-json\/wp\/v2\/product_cat?post=13107"},{"taxonomy":"product_tag","embeddable":true,"href":"https:\/\/aoneprinters.fr\/index.php\/wp-json\/wp\/v2\/product_tag?post=13107"}],"curies":[{"name":"wp","href":"https:\/\/api.w.org\/{rel}","templated":true}]}}